+ 5*w + 18 = 0. Suppose 0 = -v*k + 9*k - 1410. What is the hundreds digit of k?
2
Let b = 7483 + -2296. What is the thousands digit of b?
5
Suppose 0 = -z + 4*z - 5*n - 70, -5*z + 95 = -4*n. Let u be (-2)/(-5) - (606/z + -1). Let j = 49 + u. What is the units digit of j?
0
Suppose 272 = -4*l + 16. Let b be l/(-32) + -1 + 0. Suppose 5*f = 361 - b. What is the units digit of f?
2
Let n(u) = 7*u**2 + 200*u + 6476. What is the thousands digit of n(-54)?
6
Suppose 420*h - 21534429 - 995538 = -5209167. What is the thousands digit of h?
1
Let i(k) = 2*k**3 + k**2 + 3*k + 19. Let y be i(0). Let v(w) = w**3 - 21*w**2 + 65*w + 5. What is the tens digit of v(y)?
1
Let g(l) = 3*l**2 + 100*l - 131. What is the tens digit of g(24)?
9
Let s(h) = -5*h**3 - 6*h**2 - 3*h - 10. Suppose 20*v - 12 = 23*v. What is the units digit of s(v)?
6
Suppose -o - 7*f + 661 = -10*f, 5*o - 3255 = 5*f. Let x = 895 - o. What is the tens digit of x?
4
Let j(f) = f**3 + f**2 - f + 71. Let a be j(0). Suppose 0 = 2*h - 6, 3*x - a = -h - 14. What is the tens digit of 4506/36 + (-3)/x?
2
Let h = 429 - 445. What is the units digit of 2*6/h*-48?
6
Let y be -2 - ((-18)/8)/(2/(-264)). What is the thousands digit of 23/(y/(-21268)) - (-7 + 1)?
1
Suppose -9*u = -8*u + 4*x - 3871, 3*x - 3 = 0. What is the hundreds digit of u?
8
Let y(s) = s**2 - 7. Let v(p) = 2*p**3 - 9*p**2 - 3*p - 10. Let c be v(5). Let m be y(c). What is the units digit of 2/(((-70)/405)/m)?
1
Suppose -q = -5*b - 145 - 129, 281 = q + 2*b. Suppose q = -3*t + 1116. What is the hundreds digit of t?
2
Suppose 8*a - 5*a + 51232 = 5*z, -z - 3*a + 10232 = 0. What is the hundreds digit of z?
2
Let n(q) be the first derivative of 9*q + 7*q**2 + 0*q - q + 12 + 4*q. What is the tens digit of n(4)?
6
What is the hundreds digit of (8987/(-76))/((-3)/(0 + 24))?
9
Let x(s) be the second derivative of s**4/12 - 13*s**3/6 + 9*s**2/2 + 3*s. Let v be x(14). Let q = 54 + v. What is the tens digit of q?
7
Let t(f) be the first derivative of -7*f**4/2 - f**3/3 - 7*f**2/2 - 45*f + 134. What is the hundreds digit of t(-5)?
7
Suppose 20*y = 851018 - 240975 + 242537. What is the tens digit of y?
2
Suppose 22 = -33*g + 11*g. Let a(r) = -1314*r**3 - 7*r**2 - 2*r - 1. What is the tens digit of a(g)?
0
Suppose 7*d = -2*d + 3267. Let q = d + -9. What is the hundreds digit of q?
3
Suppose -53*j + 118452 + 322013 = -94941. What is the ten thousands digit of j?
1
Suppose 41261 = 20*d - 188699. What is the units digit of d?
8
Let i(x) = -5*x**3 + 11*x**2 + 10*x - 27. Let f(s) = s**3. Let t(h) = -4*f(h) - i(h). Let b be (-3 - 3)*(-3 + 1). What is the units digit of t(b)?
1
Let j be 0 + -1 + (5 + -4)/1. Suppose j = -10*g + 30 - 10. What is the hundreds digit of (g*11)/(-3*5/(-165))?
2
Suppose 4*p + 4*w = 8*p - 93096, -3*p - w + 69826 = 0. What is the units digit of p?
5
What is the hundreds digit of (-94047)/(-15) + 396/330?
2
Let t = 14 - 70. Let o = t - -60. Suppose -o*y + 66 = j, 3*j + y - 248 = -y. What is the units digit of j?
6
Suppose 53 = 3*g + n, -3*g + 1 + 36 = 5*n. Let c = g - 24. What is the units digit of (8/c)/(2/(-45))?
6
Let a = 70 + 57. Suppose -145 + a = -n. What is the units digit of n?
8
Let t be (2 + 1 - 3) + (3 - 3). Suppose -n = n + 2, -4*j + 3*n + 3 = t. Suppose j = -i + 4*i - 330. What is the tens digit of i?
1
Suppose 0*a + 2695 = -11*a. Let q = a + 569. Let f = 520 - q. What is the units digit of f?
6
Let i(u) = -6*u**3 - 8*u + 35. Let n be i(3). Let a = 155 + n. What is the units digit of a?
4
Let r(t) = 102*t**2 - 4066*t - 98. What is the units digit of r(43)?
2
Suppose -a = 4*k - 171015, 148*a + 213767 = 5*k + 151*a. What is the thousands digit of k?
2
Suppose -5*i = -i - 8. Let g(z) = -z**3 + 16*z + 1. Let m(t) = -2*t**3 + t**2 - 77*t - 9. Let d(r) = -5*g(r) - m(r). What is the units digit of d(i)?
0
Suppose -2*b - 1190 = -4*a, 3*a + 5*b - 3*b - 896 = 0. Let m = a + -132. What is the tens digit of m?
6
Let j be (-4)/((-8992)/(-22580) + (-6)/15). Suppose 0 = -13*m + j + 433. What is the tens digit of m?
0
Let b(t) = -3*t**3 + 2*t**2 + 2*t - 5. Let f be b(3). Let o = f + 56. What is the hundreds digit of (-54)/((-4)/6*o/(-10))?
1
Suppose 0 = 26*a + 17*a - 215. Suppose 2230 = 4*q - a*b, 0 = -q - 3*b + 656 - 90. What is the tens digit of q?
6
Let s = 226 - 131. Suppose 6*n + 7 = -s. What is the tens digit of (-350)/(-6) - n/(-51)?
5
Let n(u) = -50 - 10*u + 13*u - 10. Let l be n(21). Suppose 0 = -2*c + q + 189, l*q + 2*q - 357 = -4*c. What is the units digit of c?
3
Let g = -4496 - -7867. What is the hundreds digit of g?
3
Let i(c) = 90*c**2 + 285*c + 17. What is the tens digit of i(10)?
6
Let y = -530 + 837. Let g = y + -129. Suppose -n = n - g. What is the tens digit of n?
8
Let x(j) = 768*j + 7687. What is the hundreds digit of x(41)?
1
Suppose 0 = 5*r + c - 90, -3*r + 58 = 2*c + 11. Suppose 0 = -14*a + r*a - 55. What is the units digit of a?
1
Let n(r) be the third derivative of r**7/5040 + r**6/20 + 7*r**5/60 - 26*r**2. Let l(h) be the third derivative of n(h). What is the tens digit of l(-11)?
2
Suppose -23*t = i - 28*t - 12571, 3*t = 18*i - 225756. What is the thousands digit of i?
2
Let r be (-7 + 7)/(2 - 4). Suppose r = -26*t + 32*t + 30. Let v(s) = 3*s**2 + 10*s + 9. What is the units digit of v(t)?
4
Let k be (-6 - -9)/((-2)/30). Let v = 77 + k. Suppose -x = 3*b - 26 - 28, 5*x - v = -b. What is the units digit of b?
7
Let c(j) = 616*j - 2. Let z be c(3). Suppose u = -125*p + 128*p + 9, -2*p - 7 = -u. Suppose 10*k + u*k = z. What is the units digit of k?
2
Let k = -34 - -31. Let w be 8/(3 + 15/k). What is the units digit of (-82)/w*(-9 + 11)?
1
Suppose 0 = -9*v + 496 + 2447. Let l = -166 + v. What is the tens digit of l?
6
Let n = -73 + 468. What is the units digit of n?
5
Suppose 0 = u + 4, 2533 = 3*b + 2*u - 708. Suppose 1665 = 2*c - 5*f, -f - b = 4*c - 4402. What is the units digit of c?
0
Let b = -651 - -10168. What is the units digit of b?
7
Let p(l) = 2*l**3 + 39*l**2 - 26*l + 36. What is the tens digit of p(-17)?
2
Suppose 0 = 4*s + 8, -3*s = -3*g + 56 + 76. Suppose 3*h + 6 = 5*x - 11, -4 = -4*h. Suppose -5*b - v = 3*v - 49, -2*b + x*v = -g. What is the tens digit of b?
1
Suppose -5*f + 7016 + 35512 = 4*s, -3*s + 31873 = -2*f. What is the ten thousands digit of s?
1
Suppose 63*t = 20*t + 105976 + 175760. What is the tens digit of t?
5
Let r = 30097 - 17823. Let g be 2/6 + r/(-57). Let q = g - -403. What is the tens digit of q?
8
Let q = -1202 - -5761. What is the units digit of q?
9
Suppose 96880 = 34*o - 114056. What is the hundreds digit of o?
2
Suppose 5*s - 2*c = 42, -c = 3*s + 3*c - 20. Suppose -s = -4*b - 4*b. Let x(p) = 113*p - 1. What is the units digit of x(b)?
2
Let d = 434 + -429. Suppose 6*u - 20 = u, 0 = 5*x + d*u - 255. What is the tens digit of x?
4
Suppose 340*g = 164*g + 170*g + 79374. What is the tens digit of g?
2
Let u(l) = -l**3 + 5*l**2 - 3*l - 2. Let y be u(4). Suppose -749 = -2*j - 5*j. Suppose 0 = -a + y*x + j, -4*x = -a + 6*a - 465. What is the units digit of a?
7
Let q(k) = 33*k. Let o be (-15)/3*(-2 + -1). Let n = o - 12. What is the tens digit of q(n)?
9
What is the thousands digit of (98 - -19981)/((-1*(1 - 2))/1)?
0
Suppose 26*b = -77*b + 16*b + 293973. What is the hundreds digit of b?
3
Suppose -28 = 4*n, -2*n = -34*z + 36*z - 45672. What is the units digit of z?
3
Let j(b) = 88*b**2 + 2*b + 3. Let x = -218 - -216. What is the tens digit of j(x)?
5
Let f(y) = y + 6. Let k be f(-3). Suppose 0 = 4*n - k - 9. Suppose 2*g + 3*d = 2*d + 207, n*g - 307 = 2*d. What is the hundreds digit of g?
1
Suppose -2*y = -o - 5 - 12, -y + 1 = -3*o. Suppose -3*p + 6*b + 214 = 5*b, -p + 82 = 5*b. What is the tens digit of (-1980)/p*(-64)/y?
7
Suppose -11*z = -3*z - 1128. Suppose 2*b - z = -8*q + 5*q, q - b = 42. What is the units digit of q?
5
Let u be (-1)/(-1)*(-18 - -23). Suppose -u + 9 = 2*m. What is the units digit of -3*m*(-118)/12?
9
Let d(n) = 113*n**2 - 221*n + 34. What is the units digit of d(-10)?
4
Suppose -3*m - 4*g + 10814 = 0, 0 = 2*m - 2*g - 6222 - 1006. What is the units digit of m?
0
Suppose 12493 = 2*q - t, 0 = -q + 5*t - 2020 + 8271. What is the units digit of q?
6
Suppose -47*f - 4*g + 47588 = -44*f, 79374 = 5*f - 2*g. What is the tens digit of f?
7
Let u = 0 + -3. Let p be 5/10*